1 (base 4) to base 11
-3797a5
What is -27b15 (base 14) in base 2?
-10111111110100111
Convert -120123213 (base 5) to base 10.
-551683
-34405144 (base 7) to base 5
-1232311444
What is 10878a (base 11) in base 13?
60774
-10501241 (base 6) to base 9
-535677
Convert -6533515 (base 7) to base 4.
-3002323102
Convert -68965c (base 13) to base 10.
-2477110
Convert 1021111001000 (base 3) to base 15.
d6186
What is -32d829 (base 14) in base 12?
-6b3911
146634 (base 10) to base 3
21110010220
Convert -359a56 (base 14) to base 6.
-103134444
Convert 23455150 (base 6) to base 7.
6164160
Convert -506fa (base 16) to base 13.
-b6c67
Convert b24b48 (base 13) to base 9.
7727481
2756085 (base 11) to base 8
22100623
What is -54623 (base 9) in base 5?
-2124403
-105784 (base 9) to base 4
-33131221
14103222 (base 5) to base 9
238707
Convert 384ca9 (base 14) to base 8.
7301705
What is 1100111110000000111001 (base 2) in base 8?
14760071
Convert 2405043 (base 6) to base 16.
1ea53
Convert -13110132131 (base 4) to base 10.
-1918877
What is 1112032200 (base 4) in base 13?
c49b0
-546762 (base 8) to base 12
-8a442
What is -2103234200 (base 5) in base 14?
-814237
What is 8b11 (base 15) in base 9?
44407
What is -251483 (base 10) in base 12?
-10164b
Convert -101520 (base 14) to base 11.
-33a992
What is 13166 (base 12) in base 2?
110011000011110
Convert 402022 (base 6) to base 5.
2002200
1031134101 (base 5) to base 3
11011012200220
1a109 (base 13) to base 4
30120111
What is 30112200130 (base 4) in base 13?
894a36
What is 20000205 (base 6) in base 11?
352775
What is -44498 (base 12) in base 10?
-90548
-3c68131 (base 13) to base 4
-1020331031212
Convert 14131123 (base 5) to base 2.
100011100101111100
-130101301 (base 4) to base 8
-342161
6674 (base 16) to base 9
38872
Convert 11001111010000000010110 (base 2) to base 7.
111503250
What is -6227aa (base 16) in base 3?
-110002210222111
Convert 9a33901 (base 11) to base 15.
182ad10
Convert -4310256 (base 12) to base 5.
-11223232042
What is -31716137 (base 9) in base 15?
-1524b11
-431527 (base 11) to base 5
-134040332
2c817 (base 14) to base 13
3b8b4
Convert -3620 (base 10) to base 12.
-2118
36351241 (base 7) to base 4
30112313323
11430200 (base 5) to base 2
11010011010001111
-16300445 (base 8) to base 15
-4e695d
Convert -254bc8 (base 14) to base 8.
-4706014
1032030200 (base 4) to base 3
121021100112
What is -2117521 (base 8) in base 4?
-2021331101
What is 2621620 (base 8) in base 11?
459507
What is 2200022111211 (base 3) in base 15?
1d1b21
Convert 10101000101111010110010 (base 2) to base 11.
3137246
84a13 (base 14) to base 8
1161431
What is 15541414 (base 6) in base 12?
22a86a
Convert -2112210120011 (base 3) to base 10.
-1354162
Convert 22122102220011 (base 3) to base 13.
c4b52c
Convert 8d4210 (base 15) to base 13.
152307c
Convert 135d55 (base 14) to base 6.
22203051
What is -1130300340 (base 6) in base 7?
-212162460
Convert -a809bc (base 15) to base 9.
-16044216
-1001001100000110 (base 2) to base 15
-b243
What is -2897a (base 14) in base 8?
-304460
What is 19e92 (base 16) in base 13?
393cb
Convert -21019b (base 12) to base 15.
-a3a28
141818 (base 9) to base 6
1505155
What is 173a0 (base 11) in base 16?
5f6f
What is -2220021200 (base 3) in base 12?
-29039
What is -26775507 (base 8) in base 13?
-1330a33
-67312314 (base 8) to base 15
-141ca33
What is -7407a (base 11) in base 9?
-174006
-713dbd (base 16) to base 15
-9b8dd3
Convert b1554 (base 12) to base 11.
148294
Convert a4a805 (base 12) to base 10.
2589701
-5476506 (base 8) to base 12
-5b0b1a
What is -157168 (base 9) in base 5?
-11101400
Convert 24765654 (base 9) to base 2.
101110010101111101101111
What is 36b23c (base 14) in base 9?
3466416
What is -23221453 (base 6) in base 10?
-718377
1309741 (base 10) to base 5
313402431
1001000010010100001111 (base 2) to base 14
45938b
1a99d0 (base 16) to base 4
12221213100
b0310 (base 13) to base 12
132143
-130214000 (base 6) to base 8
-11533260
What is 3000212 (base 5) in base 8?
133524
24151415 (base 6) to base 12
30856b
Convert 155510 (base 6) to base 3.
210021220
Convert -2320342010 (base 5) to base 13.
-1119054
67559 (base 11) to base 10
97832
-10203330100 (base 4) to base 12
-498014
Convert -201022131300 (base 4) to base 14.
-1224328
-74522 (base 8) to base 3
-1120121022
Convert -2033233330 (base 4) to base 2.
-10001111101111111100
What is 758262 (base 11) in base 8?
4476200
What is 233689 (base 11) in base 16?
5a899
Convert -122301223 (base 4) to base 5.
-12002200
What is -33576 (base 9) in base 14?
-8200
What is -166225352 (base 7) in base 11?
-6512293
-48927 (base 15) to base 2
-111000100010001010
-794c64 (base 13) to base 4
-22323330312
-31002212 (base 4) to base 8
-150246
-b948b (base 12) to base 6
-5123055
Convert 510564 (base 7) to base 11.
5a183
-79733 (base 12) to base 7
-1242402
What is 22022021 (base 3) in base 8?
13647
What is -4043444311 (base 5) in base 2?
-11111001110111001000000
Convert 1001100100102 (base 3) to base 14.
10748b
c4c19 (base 13) to base 12
150742
4ff086 (base 16) to base 10
5238918
-1465126 (base 8) to base 9
-710653
Convert -82552 (base 16) to base 12.
-218b2a
What is -2520834 (base 9) in base 14?
-279d8c
Convert 1046a42 (base 12) to base 13.
83b367
15340256 (base 7) to base 6
51314332
What is -2004243 (base 8) in base 7?
-4321661
Convert -24230413 (base 5) to base 9.
-375323
What is -156146356 (base 7) in base 15?
-deabe7
-1140223 (base 6) to base 2
-1110100100110111
Convert 4986b6 (base 12) to base 2.
100100100001011101010
102200102300 (base 4) to base 8
22402260
-22c6c (base 13) to base 9
-106254
What is -1144244 (base 8) in base 6?
-10415232
-20141340 (base 5) to base 16
-2792f
What is -121423 (base 7) in base 16?
-5695
Convert 1052554 (base 10) to base 2.
100000000111110001010
What is 10291 (base 11) in base 3?
202112221
What is 385394 (base 10) in base 14?
a0642
What is -213504045 (base 6) in base 8?
-16442635
What is 22101133303 (base 4) in base 7?
31614424
5004215 (base 7) to base 15
b9b02
Convert 3444169 (base 10) to base 11.
1a42723
What is 331342023 (base 5) in base 4?
11132012131
What is -82997 (base 14) in base 7?
-2450350
What is 36c9c (base 14) in base 16?
20c3a
What is -11223031012 (base 4) in base 13?
-4011b5
What is -31146e (base 15) in base 16?
-2399c9
What is 112143043 (base 6) in base 7?
23364531
-2200030 (base 6) to base 9
-175320
-100011100111010100000 (base 2) to base 15
-180ba8
-234761 (base 8) to base 13
-2a773
What is 107a (base 14) in base 16?
b24
Convert 144434 (base 15) to base 11.
607588
-303d0 (base 14) to base 13
-40a66
What is -107cc3 (base 16) in base 3?
-2000220012002
What is a869a (base 11) in base 12?
77459
Convert -2136411 (base 7) to base 3.
-111021210210
Convert -1757624 (base 8) to base 2.
-1111101111110010100
Convert 108378 (base 12) to base 6.
5350232
-1232251 (base 6) to base 10
-66631
Convert 172641 (base 10) to base 6.
3411133
Convert 2013512 (base 13) to base 11.
5518a65
Convert -2c52d (base 14) to base 4.
-123002331
What is 202123312 (base 4) in base 2?
100010011011110110
Convert -2586210 (base 9) to base 6.
-50155400
Convert 2bc60 (base 14) to base 16.
1ab8c
What is -920c1 (base 13) in base 2?
-111111110111100000
-18a4586 (base 11) to base 9
-6035525
Convert -2214430014 (base 5) to base 9.
-10100605
101110001101110011 (base 2) to base 5
22024144
Convert 12000110203 (base 4) to base 6.
53423511
Convert 187e2 (base 15) to base 5.
10020122
What is -10101100111010010100 (base 2) in base 7?
-6006565
What is -412567 (base 8) in base 3?
-20221100001
What is 273295 (base 10) in base 16?
42b8f
-1a7055 (base 12) to base 14
-c297b
Convert 2a2b0 (base 16) to base 3.
22202221001
10104214022 (base 5) to base 6
1003103121
-490250 (base 10) to base 5
-111142000
Convert 2511225 (base 7) to base 8.
1165222
-100022200102 (base 3) to base 6
-3533232
10148305 (base 10) to base 16
9ad9d1
45878 (base 9) to base 2
111011110010000
-3002113230 (base 4) to base 10
-796140
What is -1167260 (base 8) in base 6?
-10532304
Convert -7a802a (base 11) to base 5.
-312100242
Convert -88915 (base 14) to base 4.
-1100310313
117665 (base 16) to base 13
310b95
Convert 223002113 (base 5) to base 8.
3603122
Convert 3db59 (base 14) to base 2.
100101011001000011
What is -3fc5d6 (base 16) in base 12?
-1